0. Let u = 17 - b. Let a(y) = y**3 - y**2 - 4. Calculate a(u).
-4
Suppose -j = 5*h - h - 15, -3*j - 3*h = -18. Let v(y) = -3*y + 7*y + 2*y - 3*y - j - y**2. Calculate v(4).
-7
Let a(x) = -3*x**3 + 2*x**2 - 2*x + 1. Suppose -6*q + 6 = -3*q. What is a(q)?
-19
Let d(v) = 0 + 2 + 2*v + 6 - 5 + v**2. Give d(-2).
3
Suppose 18 = f + 2*f. Let d = -3 + f. Let u(x) = x**3 + 4*x**2 + 0*x**d + 6*x + 2*x**2. Calculate u(-5).
-5
Suppose d = -d. Suppose -q - 11 = 3*h - 2*q, d = 5*q + 20. Let x(o) = o**2 + 6*o + 3. What is x(h)?
-2
Let h(v) be the second derivative of -v**5/40 + v**4/8 - 2*v**3/3 + 4*v. Let a(t) be the second derivative of h(t). Suppose -3 = 3*o - 4*o. Determine a(o).
-6
Let t(i) = -3*i + 0 + 1 - 4*i**3 - 1 + 4*i**2. Let m(n) = n**3 - n**2 + 1. Let l(z) = -3*m(z) - t(z). What is l(2)?
7
Suppose 0 = 3*d - 4*d. Let h(a) = -a**3 - 7*a**2 - 7*a - 3. Let n be h(-6). Let t(m) = -m**3 - m + m**n + m**3 + 5. What is t(d)?
5
Let m(y) = -3*y - 3. Let b(q) = -7*q - 7. Let i(z) = 4*b(z) - 9*m(z). Let p(o) = 2*o + 3. Let d be p(-4). Calculate i(d).
4
Let q be 4 + -4 - (-1 - 4). Let n(k) = -k**3 - 1 + 2*k**2 + 6*k + 0 + 2*k**2. Determine n(q).
4
Let t = 22 - 17. Let n(z) = -z**2 + 6*z + 7. Determine n(t).
12
Let w(m) = 3*m. Let g(c) = -3*c - 545 + 546 + 4*c + 3*c. Let o(v) = 2*v. Let p be o(2). Let f(z) = p*g(z) - 5*w(z). Give f(0).
4
Let j = -3379/20 + 169. Let y(t) be the second derivative of 1/6*t**4 - 1/2*t**3 + 3/2*t**2 - 3*t - j*t**5 + 0. What is y(2)?
-3
Let x(t) = t**2 + 4*t. Let b(d) = d**2 + 5*d. Let n(o) = -5*b(o) + 6*x(o). Determine n(-2).
6
Let a(b) be the third derivative of -2/3*b**3 - 4*b**2 + 0*b**4 - 1/60*b**5 + 0*b + 0. Give a(-3).
-13
Let f(g) = 7*g**3 + 7*g**2 + 7*g + 19. Let y(j) = -11*j**3 - 10*j**2 - 10*j - 29. Let i(c) = -8*f(c) - 5*y(c). Give i(-5).
-2
Suppose w - 2 = 2. Let v(s) = -5*s**2 - 6*s - 7. Let a(d) = -4*d**2 - 6*d - 6. Let k(u) = -6*a(u) + 5*v(u). What is k(w)?
9
Let u(j) be the first derivative of -j**6/120 + j**5/10 - 5*j**4/24 + 7*j**3/6 - 3*j**2/2 - 2. Let f(x) be the second derivative of u(x). Calculate f(5).
7
Let k(v) be the first derivative of -v**4/2 + 2*v**3/3 + v**2 - 2*v - 5. Calculate k(2).
-6
Let k(b) be the second derivative of 1/6*b**3 - 1/12*b**4 - 3*b + 0 + 2*b**2. Let p be 9*((-9)/3)/(-9). Determine k(p).
-2
Let l be 10/4*18/(-15). Let w(y) = 3*y + 0 - 2 - y + y**2 - y. What is w(l)?
4
Let r(c) be the third derivative of c**6/120 - 2*c**5/15 + c**4/4 - c**3/6 + 3*c**2. Determine r(7).
-8
Let v(a) = 2*a**2 + 9*a - 3 - 2*a**2 + 5*a**2 - 4*a**2. Give v(-7).
-17
Let n(a) be the third derivative of -a**5/60 - 7*a**4/24 - 3*a**3/2 + 11*a**2. Calculate n(-7).
-9
Let f(a) be the third derivative of 0*a - 4*a**2 + 0*a**5 + 1/6*a**3 + 0 - 1/12*a**4 + 1/15*a**6. Give f(1).
7
Let n(k) be the second derivative of -k**5/20 + k**4/2 - k**3/3 - k**2/2 + 36*k + 1. What is n(5)?
14
Let r = 1 - 2. Let a be 5 - (3 + r - 2). Let u(j) = j**3 - 6*j**2 + 5*j + 5. Calculate u(a).
5
Let f(n) = 2 + 16*n**2 - 24*n**2 + 7*n**2 + 2*n. What is f(-2)?
-6
Suppose 2*i - 6 = -0*i. Suppose -i*c = -6, -2*w + c + 12 = 4*c. Let l(p) = 2*p - 4. Give l(w).
2
Let w(o) = 0*o + 2*o + 5*o**2 - 1 - 4*o**2. Let p = -10 + 8. Calculate w(p).
-1
Let z(k) = -7*k**2 + 2*k**2 + k**3 + k + 3*k + 5. Calculate z(4).
5
Let a = 154 - 154. Let z(j) = -j - 4. Give z(a).
-4
Let a(q) = q + 7. Let b(i) = -8*i - 48. Let m(z) = 20*a(z) + 3*b(z). Suppose 12*o - 15 = 7*o. Suppose 5 = -o*t - 3*s - 4, -3*s = 0. Determine m(t).
8
Let p(v) = v**3 + 7*v**2 - 9*v - 10. Let h = -58 - -50. Give p(h).
-2
Let l(f) = f**2 + 3*f - 5. Let r = -22 + 29. Suppose 14 = -2*v - 8. Let z = v + r. Calculate l(z).
-1
Let f(h) be the third derivative of h**8/10080 - h**7/2520 - h**6/720 - 2*h**5/15 - 8*h**2. Let n(q) be the third derivative of f(q). Determine n(-1).
3
Let u be (30/9)/(4/6). Let s(c) = -5 - u*c**2 - 4*c + 0*c**2 + 4*c**2 + 1. Let i = 3 + -6. Give s(i).
-1
Suppose 0 = 4*x + 2*u - 10, 5*u = -0*x + 2*x - 23. Let m = -5 + x. Let w(q) = -q**2. Determine w(m).
-1
Let z(s) = s**3 - 3*s**2 + 3*s. Suppose 9 = -a + 4*a. Suppose -a*t = -4*t + 2. What is z(t)?
2
Let a(l) = -l**2 + 3*l + 2. Let o be (-4)/6*(2 - 11). Suppose -5*y + o*y - 12 = 3*m, 3*m + 12 = 2*y. Suppose f - 4 = -y*f. Give a(f).
-2
Let i = 17 + -15. Let s(v) = -13*v**2 + 5*v**2 - i*v - 3 + 9*v**2. Calculate s(3).
0
Let f(y) be the third derivative of y**4/8 + 7*y**3/6 - y**2. Suppose 0*u + u + k + 10 = 0, 0 = -4*u + k - 15. Give f(u).
-8
Let h(y) = 3 - 3 + 4*y + 1 - 2*y**2. Let q(v) = v - 7. Let a be q(-3). Let d be ((-18)/10)/(6/a). What is h(d)?
-5
Suppose 4*u + 11 + 13 = 0. Let f(s) = s**2 + 7*s + 8. Calculate f(u).
2
Let a(w) = -5*w**3 + w**2 - 4*w + 3. Let d = 11 - 5. Let f be ((-4)/6)/((-4)/d). Let i(s) = s**3 - s + 1. Let z(t) = f*a(t) - 3*i(t). Give z(1).
-8
Let d(p) be the first derivative of p**3/3 + 5*p**2/2 - 3*p - 1. Let g be ((-1)/(-3))/(4/36). Suppose -19 = g*u - 4. What is d(u)?
-3
Suppose 2*u - 2*d = -u + 22, 5*d = -u - 4. Let w(a) = -4*a - 8. Let p(i) = -i. Let m(t) = -5*p(t) + w(t). Determine m(u).
-2
Let t(q) = -q**3 - 6*q**2 - 6*q - 7. Let w be (-46)/8 - 9/(-12). What is t(w)?
-2
Let z(k) = -k**3 - k**2 + 2*k + 2. Suppose j + 6 = -w, 20 = -w - 4*j + 2. Let v be z(w). Let c(m) = -v*m + 4*m - 4*m - 3. Calculate c(-4).
5
Suppose -2 = t + 2. Let o(r) = r**3 + 4*r**2 - r - 1. Give o(t).
3
Let a = 6 - 20. Let x = -10 - a. Let u(n) be the first derivative of -n**2 + 1. What is u(x)?
-8
Let n(x) be the first derivative of -x**5/60 - x**4/4 - x**3 + 3. Let m(j) be the third derivative of n(j). What is m(-4)?
2
Let s(r) be the second derivative of r**4/12 + 3*r**3/2 + 11*r**2/2 + 50*r. Give s(-10).
21
Let g(p) be the third derivative of p**6/120 - p**5/12 + p**4/12 - 5*p**3/6 - 3*p**2. Calculate g(5).
5
Let q(z) = 3*z + 2 - 4*z + z - 5*z. Let t(p) = 2*p - 1. Let b(u) = 3*q(u) + 7*t(u). Suppose 0 = -r - 2*r. Determine b(r).
-1
Let v(i) = -i. Let b be v(-4). Let r(h) = -4*h - 1. Suppose -d + 2 = 1. Let y(p) = -p - 1. Let g(s) = d*r(s) - 3*y(s). Give g(b).
-2
Suppose -8 = 2*i - 0*i + 2*o, -4*o = -2*i - 8. Let w(n) = -n**2 - 4*n - 2. Give w(i).
-2
Let b(t) = -9*t + 12*t + 2*t**2 + 0 - 2 + t**2. Give b(-3).
16
Let w(l) = 4*l**2 - 5*l + 2. Let v = 78 + -75. Calculate w(v).
23
Let m(l) = 3*l - 9. Suppose -14 = -42*y + 40*y. Determine m(y).
12
Let t(z) = 7 - 3*z + z + 6*z. Let m(d) = d. Let a(c) = -3*m(c) + t(c). Let r = 3 + -3. What is a(r)?
7
Let c(o) = -2*o**2 + 3*o + 4. Suppose -5*r = -9*r - 8. Let a be 24/9 + r/(-6). Give c(a).
-5
Let p(o) = 8 - 5*o + o - 3. Let h(b) = b - 1. Let y(f) = -15*h(f) - 3*p(f). Calculate y(-2).
6
Suppose 2*v = -0*v. Suppose v*i = -2*i. Let h(k) = i - 3 - k + 0*k. Calculate h(3).
-6
Let g(k) = 6*k**2 + 8*k + 5. Let u(t) = -t**2 - t - 1. Let r be (-2)/(-7) - (-9)/(-7). Let x(y) = r*g(y) - 5*u(y). Give x(-2).
2
Let z(t) = t**3 - 5*t**2 + 3*t - 4. Suppose -4 = q - 2. Let r be q/((-4)/14) + 2. Let b = r - 5. What is z(b)?
-8
Let r(m) = 7*m - 6*m**2 + 5*m**2 + 11 - 4 - 3*m. Determine r(5).
2
Let i(g) = -12 + 3*g + 3*g + g - 6*g. Give i(0).
-12
Let a(b) be the third derivative of -b**6/120 - b**5/120 + b**4/24 + b**3/3 + 9*b**2. Let n(i) be the first derivative of a(i). What is n(1)?
-3
Let a be 3/27*6*6/(-2). Let z(n) = -2*n**3 - n**2 + 4*n + 3. Determine z(a).
7
Let o be (-6)/21 - 2/(-7). Let w(j) be the second derivative of -1/6*j**4 + j**3 + 0*j**2 + o - 2*j. Determine w(4).
-8
Let t(u) = 2*u - 6. Suppose -2*o - 4 = 3*r, -5*o + 4 = -0*o + 4*r. Suppose 36 = 5*s + o*i, -i + 24 = 4*s + i. What is t(s)?
2
Let q(m) = -4 + 1 - 14*m + 2 + 0. Give q(1).
-15
Let p(m) = 19*m - 5*m - 7*m - 6*m + 6. Suppose 7 = 2*f - 3*f. Calculate p(f).
-1
Let q(d) = d**2 + d + 1. Let o(t) = -7*t**2 + t - 11. Let b(l) = -o(l) - 6*q(l). Calculate b(4).
-7
Let q = -1 - -4. Let z(b) = 2*b + 2*b**3 + 0*b**3 - q*b**3 + 2 - 3*b**2. Let a be z(-3). Let n(d) = -2*d**2 - 7*d - 6. What is n(a)?
-10
Let w(j) be the second derivative of j**8/6720 + j**7/420 + j**6/180 - 7*j**5/120 + 3*j**4/4 + 9*j. Let g(b) be the third derivative of w(b). What is g(-5)?
-2
Let b(t) = 1 - 5 + 8*t - 4*t + 3. What is b(1)?
3
Let r(m) = -2*m - 50. Let k be r(-22). Let g(d) = -d**3 - 6*d**2 + 2*d + 8. What is g(k)?
-4
Suppose -4*c - 2 - 2 = 0,